False
Is 736301 prime?
False
Is 1046869 a composite number?
True
Is 9225539 composite?
False
Is 36027223 prime?
False
Is 465445426 prime?
False
Is 3908629 a prime number?
True
Is 182930107 a composite number?
True
Is 1349881 a composite number?
True
Is 24421439 prime?
False
Is 369849157 a prime number?
False
Is 1971427 a composite number?
False
Is 119017169 a prime number?
True
Is 87741317 prime?
False
Is 10269119 composite?
True
Is 2232991 prime?
True
Is 232209557 a prime number?
True
Is 9145231 prime?
False
Is 11728217 a composite number?
False
Is 124341089 composite?
True
Is 1311853 prime?
True
Is 253581145 prime?
False
Is 314416189 prime?
False
Is 13927 prime?
False
Is 188648281 a composite number?
False
Is 14550959 a prime number?
True
Is 31366957 a composite number?
True
Is 1755113 a prime number?
True
Is 92302411 a prime number?
True
Is 3097439 composite?
False
Is 3847991 a prime number?
False
Is 3381151 a prime number?
True
Is 4003159 a prime number?
False
Is 75301181 a composite number?
True
Is 18374417 a prime number?
True
Is 998 a composite number?
True
Is 23638387 composite?
False
Is 53563 prime?
False
Is 296860721 composite?
False
Is 155801 prime?
True
Is 13522727 prime?
False
Is 3453731 composite?
False
Is 6286394 composite?
True
Is 293251117 a prime number?
False
Is 14038933 prime?
False
Is 1956599 composite?
False
Is 29148941 prime?
False
Is 872819 prime?
False
Is 25384519 a composite number?
True
Is 48515681 a prime number?
True
Is 2092061 a composite number?
True
Is 19850879 prime?
False
Is 15542569 a prime number?
False
Is 5071169 a composite number?
False
Is 87737422 prime?
False
Is 176287369 a prime number?
True
Is 761941 a prime number?
False
Is 83515958 prime?
False
Is 1663819 composite?
True
Is 1346083 prime?
True
Is 736149 a prime number?
False
Is 1656043 a prime number?
True
Is 86996387 prime?
True
Is 49927223 a composite number?
False
Is 54980197 a prime number?
True
Is 100915091 a prime number?
False
Is 77687279 composite?
False
Is 16391909 a composite number?
False
Is 4271285 a prime number?
False
Is 1498619 prime?
True
Is 55451174 a prime number?
False
Is 8489729 prime?
True
Is 999179173 a prime number?
True
Is 127805491 a prime number?
False
Is 2472947 prime?
True
Is 65954123 a prime number?
True
Is 20207177 a prime number?
False
Is 3208847 a composite number?
False
Is 3505067 prime?
True
Is 455897 composite?
True
Is 61003043 a composite number?
False
Is 4336321 prime?
False
Is 2321301 composite?
True
Is 52629419 a prime number?
False
Is 44357909 prime?
True
Is 235520099 a prime number?
False
Is 3523327 composite?
False
Is 79941019 prime?
True
Is 499199 a composite number?
True
Is 14276987 a prime number?
True
Is 1288915 a prime number?
False
Is 1394557 composite?
False
Is 44076233 a composite number?
True
Is 7901669 prime?
True
Is 118530557 composite?
True
Is 14863483 a prime number?
True
Is 2063857 prime?
True
Is 578782681 composite?
False
Is 10136849 prime?
False
Is 5358917 composite?
False
Is 1382237 a composite number?
False
Is 86237817 prime?
False
Is 153104617 prime?
True
Is 3550909 a prime number?
False
Is 135737029 composite?
False
Is 4880537 composite?
False
Is 638423 prime?
True
Is 32681053 a prime number?
True
Is 27038423 a composite number?
True
Is 70131583 a composite number?
False
Is 30439 a prime number?
False
Is 26420047 composite?
False
Is 38515123 composite?
False
Is 20126599 a prime number?
False
Is 1513871 a prime number?
True
Is 1578971 composite?
True
Is 900407 composite?
True
Is 389248019 prime?
True
Is 9471731 prime?
True
Is 8106913 a prime number?
True
Is 114035951 composite?
False
Is 10925459 composite?
False
Is 4101278 composite?
True
Is 187086629 a composite number?
False
Is 7179343 composite?
False
Is 37064281 prime?
True
Is 3806717 prime?
False
Is 126015697 a prime number?
True
Is 4267483 a prime number?
False
Is 7225147 composite?
True
Is 239859742 a prime number?
False
Is 3378506 prime?
False
Is 7674377 composite?
False
Is 101690231 a prime number?
True
Is 804552979 a prime number?
True
Is 9894827 a composite number?
False
Is 243547 a composite number?
True
Is 117369977 composite?
False
Is 216678179 a prime number?
False
Is 3653917 a composite number?
True
Is 35872367 composite?
False
Is 10825783 prime?
True
Is 2752573 a composite number?
True
Is 62267631 a prime number?
False
Is 17848189 a composite number?
True
Is 25639067 composite?
False
Is 159410737 prime?
True
Is 2882589 composite?
True
Is 3012809 a composite number?
False
Is 523074283 a composite number?
True
Is 45201517 a composite number?
True
Is 31806799 a composite number?
True
Is 13496209 prime?
False
Is 114340973 composite?
True
Is 76867621 a prime number?
True
Is 70324951 composite?
False
Is 316940999 a prime number?
False
Is 49045567 a composite number?
False
Is 2815733 a composite number?
False
Is 1066541 a composite number?
True
Is 5559623 composite?
False
Is 29888219 composite?
False
Is 2363107 a prime number?
True
Is 20046571 a prime number?
True
Is 492629 a composite number?
False
Is 4119515 prime?
False
Is 60334051 a composite number?
False
Is 33525119 a composite number?
True
Is 3884897 a prime number?
False
Is 14223173 prime?
True
Is 221137439 a prime number?
False
Is 18654967 prime?
False
Is 11915779 composite?
False
Is 2246683 prime?
True
Is 28029097 composite?
False
Is 335660253 a composite number?
True
Is 25468045 composite?
True
Is 837069 a composite number?
True
Is 224970821 a composite number?
False
Is 415609501 composite?
True
Is 9570797 a composite number?
False
Is 19743377 a composite number?
False
Is 191479677 a composite number?
True
Is 43122521 a prime number?
False
Is 7640987 composite?
False
Is 2210063 a composite number?
True
Is 973813 a composite number?
False
Is 138153037 prime?
False
Is 296809603 composite?
False
Is 56805677 prime?
False
Is 3302887 prime?
False
Is 15830237 a composite number?
False
Is 29269739 a prime number?
True
Is 1805539987 a prime number?
True
Is 58290839 prime?
True
Is 875579 a composite number?
False
Is 1904681 a composite number?
False
Is 1347103 prime?
True
Is 3565367 prime?
False
Is 1092787 prime?
False
Is 29579479 prime?
True
Is 8689943 a composite number?
False
Is 4676369 prime?
True
Is 1085587 composite?
False
Is 21466031 composite?
True
Is 18763373 a prime number?
True
Is 1299143 prime?
True
Is 4251473 a prime number?
False
Is 183217499 composite?
False
Is 5614303 prime?
False
Is 18492521 a prime number?
True
Is 8146811 a composite number?
False
Is 84121397 composite?
True
Is 606261 a prime number?
False
Is 79044733 a composite number?
False
Is 19167629 a prime number?
False
Is 6156377 a composite number?
True
Is 69033 a prime number?
False
Is 1963549 a composite number?
True
Is 33575783 prime?
True
Is 23072199 a prime number?
False
Is 25320553 composite?
False
Is 26345027 a prime number?
False
Is 294592829 prime?
True
Is 1166577 a composite number?
True
Is 52267429 composite?
False
Is 3805699 prime?
False
Is 5531437 prime?
True
Is 253976759 a prime number?
False
Is 55677199 prime?
True
Is 585938 a prime number?
False
Is 19580497 composite?
False
Is 125961217 composite?
False
Is 21772481 prime?
True
Is 53761303 a prime number?
True
Is 4529683 prime?
True
Is 11522069 a composite number?
True
Is 5286982 a prime number?
False
Is 9910141 composite?
True
Is 19627513 prime?
False
Is 2139946 composite?
True
Is 938911 prime?
False
Is 15810967 composite?
True
Is 1174423 a prime number?
True
Is 32812041 composite?
True
Is 3628811 composite?
False
Is 405236967 composite?
True
Is 177341165 prime?
False
Is 51103609 a composite number?
False
Is 156094277 composite?
True
Is 126129 composite?
True
Is 1439549 a composite number?
False
Is 21036023 prime?
True
Is 26473357 composite?
False
Is 1481119 composite?
True
Is 1835059 composite?
True
Is 21307931 a composite number?
False
Is 1021703 prime?
False
Is 297653 a composite number?
True
Is 12799291 composite?
False
Is 313777 prime?
True
Is 1283995 a prime number?
False
Is 13018967 a composite number?
True
Is 46369889 composite?
True
Is 2802001 prime?
False
Is 2290259 prime?
True
Is 3859381 a prime number?
True
Is 17591149 a prime number?
False
Is 14545789 a composite number?
True
Is 222035773 a composite number?
False
Is 7